8
Let t(k) = -6*k + 188. Let o be t(22). Calculate the highest common factor of 56 and o.
56
Let n be (-1 - -18) + (-4 - 0). Calculate the greatest common divisor of 1651 and n.
13
Suppose 14*k + 16 - 128 = 0. Let p be (-8)/(-1)*(5 - (-12)/k). What is the greatest common divisor of 130 and p?
26
Let j be 1/(-4*(-1)/16). Let z be 29 - (-4 + j + -1). Suppose -36 = -7*o + 4*o. What is the greatest common factor of z and o?
6
Suppose 3*z + 460 = 8*z. Suppose -414 = 7*j - 10*j. Calculate the greatest common factor of z and j.
46
Let y(h) = 48*h**2 - 12. Let w be y(-3). Calculate the highest common factor of 28 and w.
28
Let v be (-1)/(-6*10/360). Calculate the greatest common factor of 372 and v.
6
Let x be (3 - (-4 + 4)) + 4. Let r(p) = 6*p - 12. Let k be r(x). Calculate the greatest common factor of k and 75.
15
Suppose 6468 = -460*a + 471*a. Calculate the greatest common divisor of 12 and a.
12
Let z(q) = 2*q**2 + 2*q - 3. Let s be z(2). Let u(t) = 3*t - 21. Let l be u(s). Calculate the highest common factor of l and 168.
6
Let u(v) = v - 4. Let c be u(6). Suppose c*w - 12 = w. Calculate the greatest common divisor of w and 6.
6
Let a(s) = 304*s**2 + 6*s + 2. Let k be a(-1). What is the greatest common factor of 60 and k?
60
Suppose 50 = 67*h - 65*h. Let v = h + -5. What is the highest common divisor of v and 20?
20
Suppose -4*a + 165 + 355 = 0. Let h be 260/14*(-14)/(-70)*7. What is the greatest common divisor of a and h?
26
Suppose 5*u + 358 = 3*o, 3*o + 32*u - 33*u = 338. Calculate the highest common factor of 6 and o.
3
Suppose 2*k - 30 = -2*y, -5*k + 3*k = -y + 15. Let d be 849/y + (-2)/(-5). Suppose 0 = -2*l - l + d. Calculate the greatest common factor of l and 76.
19
Let f be (-18613)/(-15) - (-2)/(-45)*-3. Calculate the highest common divisor of f and 73.
73
Suppose -s = -2*h + 2 + 1, -3*h + 10 = 4*s. Suppose 0 = 2*m + m + 3*a - 285, m + h*a - 92 = 0. Let k = -70 + m. What is the greatest common factor of 4 and k?
4
Let m(d) = -d**2 + 10*d + 7. Let b be m(10). Suppose 0 = -3*o + b*o - 48. Let a be 1*((72 - 0) + 0). What is the greatest common factor of a and o?
12
Let h be (4 - 1) + -3 + -1. Let a = h - -9. Calculate the greatest common factor of 8 and a.
8
Let z be 2 + 0/((-3)/(-3)). Suppose -5*h = 3*g - 72, g + z*h - 22 = h. Let o be (39 + 2 + -3)*33/6. What is the greatest common divisor of g and o?
19
Suppose 2*j + 3*i = 60 + 201, j + 2*i = 133. Let y(l) = -6*l - 13. Let m be y(7). Let o = j + m. What is the greatest common divisor of o and 17?
17
Let t(p) = 16*p**3. Let l be t(1). Suppose 0*f - 4*f = -l. Suppose -f*h + 660 = h. Calculate the highest common divisor of h and 12.
12
Let i(o) = o**3 + 17*o**2 - 38*o + 45. Let s be i(-19). Let f be 0 - ((-1 - -2) + -65). Let k = f - 34. Calculate the highest common factor of k and s.
15
Let u(s) = -5*s - 3. Let p be u(-6). Let j = 130 - 103. Calculate the greatest common divisor of p and j.
27
Suppose 2*m + m - i + 346 = 0, 0 = 2*m - 3*i + 240. Let q = -10 - m. What is the greatest common factor of q and 13?
13
Let j be 3/9*(-2 - -11). Suppose g = -j*g. Let v be 13 - (g - 1/(-1)). What is the highest common divisor of v and 108?
12
Let y be 6*1/(-4) + (-2)/(-4). Let q be 2*17*y/2*-6. Calculate the greatest common divisor of 34 and q.
34
Suppose 28*x - 3*m + 5 = 29*x, m = 2*x - 45. What is the greatest common divisor of x and 20?
20
Suppose 479 = 11*n + 182. Calculate the greatest common factor of n and 1323.
27
Let a = 15 + -10. Suppose 4*v = a*v - 2. Suppose t = v*q + 16, 4*q - 22 + 72 = 5*t. What is the greatest common factor of 3 and t?
3
Let p be 3*6/(-9) - -34. Suppose 0 = 9*y - 10*y + p. Calculate the highest common factor of y and 8.
8
Let p be 1 - (-15)/(-3) - 60. Let m = -1 - p. Suppose 2*w = -w + 27. What is the highest common factor of w and m?
9
Let b = -128 - -134. What is the greatest common divisor of b and 258?
6
Let w be (-2)/(2248/(-749) + (14 - 11)). What is the highest common factor of 14 and w?
14
Let g(x) = -30*x - 55. Let q = -30 + 25. Let y be g(q). What is the highest common factor of y and 19?
19
Suppose 5*f + 3*b - 919 = 0, 4*f - 5*f + 5*b = -167. What is the greatest common divisor of f and 52?
26
Let c = -345 + 359. Suppose 0 = 3*f - 4 - 11, 4*r - f - 219 = 0. Calculate the greatest common factor of r and c.
14
Let d be (8/10)/((-4)/(-50)). Let g = 5111 - 5107. Calculate the greatest common divisor of g and d.
2
Let c be (-8 + (10 - 1))*37. Calculate the greatest common divisor of c and 407.
37
Suppose 0 = v + 5*k - 0*k - 193, 5*v + k = 845. What is the greatest common divisor of v and 420?
84
Suppose 14 = -228*n + 229*n. Calculate the greatest common divisor of n and 623.
7
Suppose 20 = 8*a - 4*a. Let s(m) = -6*m + 2. Let l be s(a). Let f = l + 49. What is the highest common factor of f and 3?
3
Let y(g) = g**3 - 24*g**2 - 8*g - 35. Let x be y(25). What is the greatest common divisor of x and 30?
30
Let v be 87/((-56)/440 + (-4)/(-10)). What is the greatest common factor of 11 and v?
11
Let w be (1/(-4)*-2)/((-20)/(-760)). Calculate the highest common divisor of 912 and w.
19
Let h = 626 + -428. Suppose -83*q + 44*q + 858 = 0. What is the greatest common divisor of q and h?
22
Let y(q) = 2*q**2 - 5*q - 6. Let h be y(5). Suppose -18 = -4*v + 2, -139 = -3*k - 5*v. Calculate the highest common factor of h and k.
19
Suppose s + 73 = 3*x, 7 + 3 = 2*s. What is the greatest common divisor of 13 and x?
13
Let x = 987 + -742. Calculate the greatest common factor of x and 70.
35
Suppose 0*q + 2*q + 2*w = 4, 0 = 3*w - 6. Let g = -4 + q. Let m be 6 + -2 + g + 46. What is the greatest common divisor of m and 115?
23
Suppose 5*u - 4*j - 132 = 0, 2*j - 116 = -5*u + u. Calculate the highest common factor of u and 154.
14
Let t = -132 - -262. Let w be 2/((-4)/446*-1). Suppose 4*y - w = 3*j, 0 = y - 0*j - j - 57. What is the highest common factor of t and y?
26
Let g = -1 - -13. Let j(x) = 102*x**2 - 406*x + 8. Let v be j(4). Calculate the greatest common divisor of g and v.
4
Suppose -16 = -s - 3*s. Suppose -s = c - 0, -n + 8 = -c. What is the highest common factor of n and 4?
4
Let p = 187 + -175. Let y be -2 + 0 + 8 - 2. Let o(v) = 3*v**2 + v - 4. Let l be o(y). What is the greatest common factor of l and p?
12
Suppose -6 = -o + 4*o, 64 = 2*w - 5*o. Suppose 108 = c + 3*c. Calculate the greatest common divisor of c and w.
27
Let k be (-15)/(0 + 0 + -1). Suppose 4*a + 78 = 3*t, 145*t - 150*t + 159 = 3*a. What is the greatest common factor of t and k?
15
Suppose -5*m - 26 = 4*x - 67, -3*x + 45 = -m. Suppose -d + 5*g + 14 = -5, 1 = -g. Calculate the highest common divisor of x and d.
14
Let h = 17 - -9. Let c = h - 17. Suppose 3*m - 33 = -2*q, -4*m + 51 = -0*m + 5*q. Calculate the highest common factor of c and m.
9
Let c(x) = -53*x - 226. Let o be c(-6). What is the greatest common factor of 391 and o?
23
Let h(l) = l**3 - l**2 - 4*l + 715. Let o be h(0). What is the greatest common divisor of o and 55?
55
Let c(b) = 109*b - 166. Let o be c(2). Let a(x) = 19*x**2 + 2*x - 2. Let n be a(2). What is the greatest common divisor of o and n?
26
Let r be ((-6)/(-2) - 3)/2. Suppose f - y = 6, -3*f - 4*y = -r*f + 3. What is the greatest common factor of f and 1?
1
Let u = -97 + 110. Calculate the greatest common factor of u and 871.
13
Let m be 2/4*1 - (-481)/74. Suppose 2*t = -6, -3*z + 5*t + m = -50. Calculate the highest common divisor of 2 and z.
2
Let z = -971 + 1079. Calculate the highest common factor of 360 and z.
36
Suppose -4*t - 1413 = -5*k + 245, -3*t = -5*k + 1656. What is the highest common divisor of 20 and k?
10
Let q = 14 + -16. Let r be q/3*(9 - 21). Let a(k) = 17*k**2 + 2*k. Let i be a(-2). What is the highest common factor of i and r?
8
Suppose 4*q + 11 = s, -4*q - 20 = q. Let h = -1 - s. What is the greatest common divisor of h and 20?
4
Let o be (152/(-38))/((-1)/15). Calculate the greatest common divisor of o and 3.
3
Let m(q) = -q**3 + 6*q**2 - 4*q + 3. Suppose 2*d + 32 = 10*d. Let u be m(d). Calculate the greatest common divisor of 19 and u.
19
Suppose -6 = -3*i - 0. Suppose 0*l + i*j = -3*l + 89, -3*l = 4*j - 79. Calculate the highest common divisor of l and 66.
33
Suppose w - 78 = -5*o, -2*o + 30 = w - 0*w. Suppose -9*a + 4*a = -10. What is the highest